uppose 3*p + 0*w + 5*w = 71, 2*w - 8 = 0. Let l(n) = 1 - 58*n**2 + 30*n**2 + p*n**2. Give l(1).
-10
Suppose 7*u + 15 = 12*u. Let b(z) = -z**3 + z**2 + 2*z + 3. Determine b(u).
-9
Let i(l) = -3*l**3 - 9*l**2 + 2*l + 6. Let k(o) = o**3 + o**2 - 1. Let a(d) = -i(d) - 4*k(d). What is a(4)?
6
Let s(x) = -4*x**3 - 7*x**2 - x - 6. Let w(t) = 3*t**3 + 7*t**2 + t + 7. Let y(c) = -2*s(c) - 3*w(c). What is y(-7)?
-2
Let a(c) be the second derivative of -c**4/3 - c**3/2 - 7*c**2/2 + c. Let m(g) = -5*g**2 - 3*g - 8. Let v(h) = 4*a(h) - 3*m(h). Give v(-3).
-4
Suppose 6*f - 10 = f. Let y(k) be the third derivative of 0*k + 0 + 3*k**f - 1/8*k**4 + 1/3*k**3. What is y(2)?
-4
Let n(o) = o**2 - 5*o - 6. Suppose -h - 3*h = 4*s - 8, -3*h + 5*s = -14. Let b be (6 - -3)*(-4)/h. Let c = -7 - b. What is n(c)?
-6
Let c(f) = -2*f**2 + 3*f + 3. Let h = 1 + 1. Suppose 4*q - 13 = -5*s, -2 = 5*q - q + h*s. Let d be ((-1)/(-1))/(q/(-9)). Determine c(d).
-6
Let i(z) be the first derivative of -4*z**2 + z - 6. Determine i(-1).
9
Let d(x) = -4*x**2. Let b(c) = -c**2 - c + 1. Let m be b(-1). Calculate d(m).
-4
Let v(j) = -j**3 + 4*j**2 + 4*j. Let f = -5 - -10. Give v(f).
-5
Let v(w) = w**2 - 7*w - 5. Let r(a) = -a**2 - 11*a - 18. Let n be r(-8). Give v(n).
-11
Let c(k) = -k + 10. Let u = -66 - -77. Calculate c(u).
-1
Let p(n) = 4*n**2 - 3*n - 5. Let y(x) be the second derivative of x**4/4 - 2*x**3/3 - 5*x**2/2 + x. Let k(g) = -4*p(g) + 5*y(g). Give k(-4).
11
Let s(k) = 38*k**3 + 14*k**2 - 5*k - 8. Let g(a) = 13*a**3 + 5*a**2 - 2*a - 3. Suppose -j = j + 2*r + 26, r + 37 = -4*j. Let c(v) = j*g(v) + 3*s(v). Give c(-1).
-9
Let t(z) = z**3 - 6*z**2. Suppose -3*h - 5*q = -23, 4*q - 35 = -5*h - q. What is t(h)?
0
Suppose -8 = 4*w - 8*w. Let h(s) = 0*s + w*s - 3 - 3*s. Suppose 6*o - 2*o + 20 = 0. Give h(o).
2
Suppose 4*x + 9 - 45 = -4*s, 33 = 4*s + x. Suppose s = 3*j - 4. Suppose j + 1 = d. Let y(g) = g**2 - 6*g + 1. Calculate y(d).
-4
Let s(v) = 6*v**3 - v**2 - v - 1. Let m(w) = -7*w**3 + w + 2. Let f be ((-2)/4)/(1/(-10)). Let r(o) = f*m(o) + 6*s(o). Calculate r(6).
-2
Let l(f) = -2*f**3 - f**2 - 5*f - 4. Let v(m) = -7*m**3 - 3*m**2 - 14*m - 11. Let w(j) = -8*l(j) + 3*v(j). What is w(-1)?
5
Suppose -3*x + 2*x - 3*s = 1, 2*x = 2*s + 22. Let w(y) = -2*y - 2. Determine w(x).
-18
Let y(n) = 56*n - 117*n + 60*n + 2. Determine y(-6).
8
Let a(s) = -7*s**2 - 3*s + 9. Let h(w) = w**2 + w - 1. Let x(y) = a(y) + 6*h(y). Give x(3).
3
Let u(j) = -2 + 2*j - 2*j + 0*j - j**2. Let i = 0 + 0. Determine u(i).
-2
Let y(b) = 2*b**2 - 2*b + 1. Suppose 2*v + 2*l - 4 = 0, -l - 4 = -5*l. Determine y(v).
1
Let x(p) = -p**2 + 6*p + 8. Suppose 9*o - 2*o - 49 = 0. Calculate x(o).
1
Suppose m = 5, 0 = -2*a + 6*a - m - 7. Let c(p) = 4*p - 1. Calculate c(a).
11
Let k(a) be the third derivative of -7/24*a**4 - a**2 + a**3 - 1/60*a**5 + 0*a + 0. Give k(-6).
12
Let b(i) = -i**3 - 5*i**2 + 9*i**2 - 4 + i + 7. Calculate b(4).
7
Suppose -3*j - g - 1 = 0, -j + 2 = -3*g + g. Let k(p) be the second derivative of 1/2*p**2 + j - 1/3*p**3 + p. Determine k(1).
-1
Let m(h) be the first derivative of -h**6/360 + h**5/120 - h**4/24 + 3*h**3 + 8. Let y(q) be the third derivative of m(q). Give y(2).
-3
Let k(o) = -37 + 2*o + 32 + 2*o. Determine k(5).
15
Let q = 7 - 2. Let x(o) = -o**3 + 5*o**2 + 2*o + 2. Let u be x(q). Suppose -4*m = -m + u. Let d(t) = 3*t + 5. Determine d(m).
-7
Let f(t) = -4*t**2 + 7*t - 4. Let h(a) = a**3 - a**2 + a - 1. Let b(z) = f(z) - 5*h(z). What is b(-1)?
5
Let f(b) = -b - 1. Let m(x) = 5*x + 6. Let n(l) = 3*f(l) + m(l). Give n(-5).
-7
Let z(m) = 1 - 72*m**3 + 8 - 4*m + 13*m + 71*m**3 - 5*m**2. Give z(-6).
-9
Let t(w) = w**2 - 1. Let d be t(-1). Let p(u) = u**2 + d + 6 + 5*u + 0*u**2. Determine p(-4).
2
Suppose 2*g + 2*u - 15 = 7*g, g + 3*u = -20. Let f(m) = 7*m + 5. Let j(s) = -21*s - 14. Let l(n) = g*j(n) - 14*f(n). Let y = 4 - 3. Give l(y).
7
Let m(y) = -y**2 - 1. Let o = 11 + -11. Give m(o).
-1
Suppose -4*j - 2 = 3*d - 1, -d + 5*j + 6 = 0. Let r = 3 - d. Let p(t) be the third derivative of t**4/8 + t**2. What is p(r)?
6
Let z(r) be the second derivative of 11*r**3/6 - 8*r. Give z(1).
11
Let a(u) = -u**2 - 4*u + 5. Let h be (-36)/15 - (-4)/10. Let v be (0 + h)/(-4)*14. Suppose -c + 3 = v. Give a(c).
5
Suppose 4*v - 19 + 3 = 0. Let p(k) = -k**2 + k - 1. Let y(o) = -5*o**2 + 3*o - 7. Let c(h) = v*p(h) - y(h). Calculate c(0).
3
Let u(y) be the second derivative of -y**4/12 + 4*y**3/3 - y**2 - 10*y. Calculate u(7).
5
Let p = -1 + 1. Let s(t) = t**3 - 1. Calculate s(p).
-1
Suppose 10 = 4*g + 2. Let p(i) = 2*i + 9. Let z(m) = m + 3. Let n(l) = -1. Let o(u) = -5*n(u) + z(u). Let w(d) = g*p(d) - 3*o(d). What is w(3)?
-3
Let j(b) be the third derivative of -b**5/60 + b**4/6 + b**3/6 + 3*b**2. Let r be (-1)/(-3) + 143/39. Determine j(r).
1
Let j(k) be the second derivative of k**5/20 - 2*k**4/3 - 3*k**3/2 - 5*k**2/2 - 2*k + 2. Give j(9).
-5
Suppose 5*v - 5 + 0 = 0. Let l(s) = s**2 + 0*s**2 - 4 + v + s. Let h = 1 - 1. Determine l(h).
-3
Let o(g) = 12*g - 5. Let m(p) = 3*p - 1. Let k(l) = -9*m(l) + 2*o(l). What is k(1)?
-4
Let p(r) = -r**2 + 2*r + 2. Let u(f) = -f**2 + 2*f + 12. Let m be u(5). Let a be m/6*(1 + -7). Calculate p(a).
-1
Suppose -d + 8 = 3. Let y(v) = v - 1. Give y(d).
4
Let g(x) = x**3 + x**2 - x - 1. Let h(r) = -4*r**3 + r**2 + 5*r + 7. Let m(j) = 3*g(j) + h(j). Determine m(5).
-11
Let w(s) = -s**2 + 12*s - 14. Let h be w(10). Let d(z) = z**3 - 6*z**2 + 3*z - 5. Determine d(h).
13
Let g(b) = b**2 + 4*b - 6. Let x be ((-4)/12)/((-4)/(-60)). Determine g(x).
-1
Let y(p) = 3*p**2 - 6 + 0*p + 6*p + 2 - 2*p**2. Calculate y(-7).
3
Let w be -2 - (26/(-4) - -4). Let l(d) be the first derivative of 0*d - 1 + w*d**2. Calculate l(5).
5
Suppose 3*w = -2*v - 18, 0 = -2*w - v + 4 - 15. Let x(g) = -g**3 - 4*g**2 + g - 3. Calculate x(w).
-7
Let b(r) = 5*r**3 - r. Suppose 4*n + n = 5. Let c be b(n). Let w(d) = 3 + 2*d - c*d + 3*d. What is w(-4)?
-1
Suppose -3*z + 20 = x - 0*z, -2*z = -x. Let u = -3 + x. Let s(c) = -c**2 + 8*c - 2. Let t(i) = -i**2 + 7*i - 1. Let d(o) = -4*s(o) + 5*t(o). Determine d(u).
-7
Let i(r) = 4*r - 3. Let t(k) = -5*k + 2. Let s(o) = 6*i(o) + 5*t(o). Determine s(-9).
1
Let a(f) = -5*f**2 - 2*f. Let l(v) = 9*v**2 + 3*v. Let h(y) = -5*a(y) - 3*l(y). Let x = -1 - -3. Give h(x).
-6
Let l(h) = -h**2 - 5*h - 4. Let j = 55 - 58. Determine l(j).
2
Let p = -1 + 5. Let w(d) = -7*d**2 + 2*d + p*d + 3*d**2 - 1 - 4*d. What is w(1)?
-3
Let p(v) = -2*v + 0*v**2 + 5*v + v**2 - 1. Suppose i - 9 = 4*i. Calculate p(i).
-1
Let v(g) = -5*g - 1. Let j = -13 + 11. Give v(j).
9
Let x be (-1)/(1 + (-2)/3). Let p be (-4)/6 + (-14)/x. Let b(z) = 4*z - p*z + 3 + z**2 + 5*z. Calculate b(-5).
3
Let m(q) = -66 + 66 + 11*q. Give m(1).
11
Let y = 9 + -7. Let o = -3 - -4. Let w(d) = -d + 3 - 2*d - y + o. Give w(2).
-4
Let w(j) = 1 - j + 0*j**2 + j - j + j**2. Calculate w(-3).
13
Let y(b) = b - 2. Suppose 28 = -4*o - 4. Let i = o - -8. Calculate y(i).
-2
Let z = -2 - -6. Suppose 5*h - 19 = 2*u - 0, -4*h + 2 = 5*u. Let a(l) = l**3 + h + 3*l + 4*l - 5*l**2 - 2*l. Determine a(z).
7
Let y = -22 + -1. Let u = y + 27. Let j(w) = 2*w**2 - 3*w + 8. Let f(d) = 3*d**2 - 4*d + 12. Let o(x) = -5*f(x) + 8*j(x). Determine o(u).
4
Let h be -10 - (-3 + 2 + -3). Let p(a) = -a**3 - 7*a**2 - 6*a - 6. What is p(h)?
-6
Let l be -1*10*2/(-4). Let v(x) = 0*x + 3*x**2 + 0*x**3 - 9*x**2 + 5 + x**3 + 3*x. Give v(l).
-5
Let d(t) = 0 + 4 + 0*t + t. Suppose u - 15*u = 56. What is d(u)?
0
Let a(h) = -3*h - 27. Let f be a(-6). Let j(l) = l + 7. Give j(f).
-2
Let b(r) = -r - 43 + 57 - r. Calculate b(12).
-10
Let d(b) = -b**3 + 4*b - 1. Let p(l) = l + 3. Let g be p(0). Calculate d(g).
-16
Let k(i) be the third derivative of i**7/1260 - i**6/180 + i**5/60 - i**4/12 - 2*i**2. Let f(o) be the second derivative of k(o). What is f(3)?
8
Let f(n) be the third derivative of n**4/12 - 5*n**3/6 - 3*n**2. Let s(x) = 10*x - 25. Let j(o) = -11*f(o) + 2*s(o). Calculate j(4).
-3
Let j(n) = -n**3 - 6*n**2 + 7*n + 1. Suppose x - 40 = 5*y, 2*y - 5 + 24 = x. Let z be j(y). Let s(l) = -1 + 6 - z + l. Determine s(0).
4
Suppose -3*f = t + 4, -4*f + 0*f + 2*t + 8 = 0. Let y(w) = 6*w - 21*w**2 + f*w - 1 - w**3 + 23*w**2. Determine y(4).
-9
Let w(d) be the first derivative of d**4